{"id":2254,"date":"2016-08-17T07:58:55","date_gmt":"2016-08-17T07:58:55","guid":{"rendered":"http:\/\/sps.gov.ba\/?page_id=2254"},"modified":"2016-09-13T14:36:39","modified_gmt":"2016-09-13T14:36:39","slug":"imigracioni-centar","status":"publish","type":"page","link":"https:\/\/sps.gov.ba?page_id=2254","title":{"rendered":"Imigracioni centar"},"content":{"rendered":"<p style=\"text-align: justify;\">Imigracioni centar je specijalizirana ustanova za prihvat i smje\u0161taj stranaca kojima je odlukom nadle\u017enog organa u Bosni i Hercegovini odre\u0111ena mjera stavljanja pod nadzor u skladu sa Zakonom.<\/p>\n<p style=\"text-align: justify;\">Centar je uspostavljen u sastavu Slu\u017ebe za poslove sa strancima i otvoren je u julu 2008. godine sa kapacitetom od 25 kreveta u mu\u0161kom paviljonu i 15 kreveta u \u017eenskom paviljonu. U novembru 2009. godine sa radom je po\u010deo novi objekat za prihvat ilegalnih migranata sa kapacitetom od 80 kreveta dok je u julu 2011. godine privremeni mu\u0161ki odjel preure\u0111en u dva porodi\u010dna apartmana za smje\u0161taj porodica sa djecom.<\/p>\n<p style=\"text-align: justify;\"><a href=\"https:\/\/sps.gov.ba\/wp-content\/uploads\/2016\/08\/DSC_1311.jpg\"><img loading=\"lazy\" decoding=\"async\" class=\" wp-image-3936 aligncenter\" src=\"https:\/\/sps.gov.ba\/wp-content\/uploads\/2016\/08\/DSC_1311-300x143.jpg\" alt=\"dsc_1311\" width=\"663\" height=\"315\" srcset=\"https:\/\/sps.gov.ba\/wp-content\/uploads\/2016\/08\/DSC_1311-300x143.jpg 300w, https:\/\/sps.gov.ba\/wp-content\/uploads\/2016\/08\/DSC_1311-768x365.jpg 768w, https:\/\/sps.gov.ba\/wp-content\/uploads\/2016\/08\/DSC_1311-1024x486.jpg 1024w\" sizes=\"auto, (max-width: 663px) 100vw, 663px\" \/><\/a><\/p>\n<p style=\"text-align: justify;\">Trenutno Imigracioni centar raspola\u017ee kapacitetom od 80. kreveta u mu\u0161kom paviljonu, 12. kreveta u \u017eenskom paviljonu i dva porodi\u010dna apartmana.<\/p>\n<p style=\"text-align: justify;\">Od otvaranja Imigracionog centra do polovine 2016. godine u Centar je ukupno smje\u0161teno preko 2000 korisnika i preko 100 maloljetnih lica.<\/p>\n<p style=\"text-align: justify;\">Od 2011. godine kada je u centru boravilo prosje\u010dno dnevno preko trideset korisnika prisutan je trend smanjenja broja korisnika, \u0161to je odraz ozbiljnog pristupa Slu\u017ebe u upravljanju migracijama, te promjeni rute kretanja migranata.<\/p>\n<p style=\"text-align: justify;\">Na vrijeme zadr\u017eavanja u Centru najvi\u0161e uti\u010de utvr\u0111ivanje identiteta korisnika, s obzirom da je veliki broj lica koji se smje\u0161taju u Imigracioni centar bez identifikacionih dokumenata, a ote\u017eavaju\u0107a okolnost je izjava o identitetu, za koju se ispostavi da je la\u017ena, \u0161to dodatno produ\u017eava vrijeme boravka u Centru. Tako\u0111e, odre\u0111eni broj korisnika u toku boravka u Centru podnese zahtjev za me\u0111unarodnom za\u0161titom (azil), \u010dime se onemogu\u0107ava povratak u mati\u010dne zemlje, \u0161to tako\u0111er produ\u017eava boravak u Centru.<\/p>\n<p style=\"text-align: justify;\"><a href=\"https:\/\/sps.gov.ba\/wp-content\/uploads\/2016\/08\/DSC_1371.jpg\"><img loading=\"lazy\" decoding=\"async\" class=\" wp-image-3928 aligncenter\" src=\"https:\/\/sps.gov.ba\/wp-content\/uploads\/2016\/08\/DSC_1371-300x130.jpg\" alt=\"dsc_1371\" width=\"654\" height=\"284\" srcset=\"https:\/\/sps.gov.ba\/wp-content\/uploads\/2016\/08\/DSC_1371-300x130.jpg 300w, https:\/\/sps.gov.ba\/wp-content\/uploads\/2016\/08\/DSC_1371-768x332.jpg 768w\" sizes=\"auto, (max-width: 654px) 100vw, 654px\" \/><\/a><\/p>\n<p style=\"text-align: justify;\">Slu\u017ebenici obezbje\u0111enja pored poslova obezbje\u0111enja vr\u0161e sprovo\u0111enje korisnika iz terenskih centara u Imigracioni centar, kao i deportacije lica za koje su ste\u010deni uslovi za izvr\u0161enja iste. Do sada su slu\u017ebenici obezbje\u0111enja i pratnje uspje\u0161no izvr\u0161ili preko 1700 asistencija i udaljenja, a organizovana su i sprovedena i \u010darter udaljenja lica koje su nadle\u017ene agencije proglasile da predstavljaju prijetnju po nacionalnu sigurnost BiH.<\/p>\n","protected":false},"excerpt":{"rendered":"<p>Imigracioni centar je specijalizirana ustanova za prihvat i smje\u0161taj stranaca kojima je odlukom nadle\u017enog organa u Bosni i Hercegovini odre\u0111ena mjera stavljanja pod nadzor u skladu sa Zakonom. Centar je uspostavljen u sastavu Slu\u017ebe za poslove sa strancima i otvoren je u julu 2008. godine sa kapacitetom od 25 kreveta u mu\u0161kom paviljonu i 15 kreveta u \u017eenskom paviljonu. U&nbsp;<a href=\"https:\/\/sps.gov.ba?page_id=2254\" class=\"read-more\">Continue Reading<\/a><\/p>\n","protected":false},"author":2,"featured_media":0,"parent":0,"menu_order":0,"comment_status":"closed","ping_status":"closed","template":"","meta":{"iawp_total_views":411,"footnotes":""},"class_list":["post-2254","page","type-page","status-publish","hentry"],"_links":{"self":[{"href":"https:\/\/sps.gov.ba\/index.php?rest_route=\/wp\/v2\/pages\/2254","targetHints":{"allow":["GET"]}}],"collection":[{"href":"https:\/\/sps.gov.ba\/index.php?rest_route=\/wp\/v2\/pages"}],"about":[{"href":"https:\/\/sps.gov.ba\/index.php?rest_route=\/wp\/v2\/types\/page"}],"author":[{"embeddable":true,"href":"https:\/\/sps.gov.ba\/index.php?rest_route=\/wp\/v2\/users\/2"}],"replies":[{"embeddable":true,"href":"https:\/\/sps.gov.ba\/index.php?rest_route=%2Fwp%2Fv2%2Fcomments&post=2254"}],"version-history":[{"count":6,"href":"https:\/\/sps.gov.ba\/index.php?rest_route=\/wp\/v2\/pages\/2254\/revisions"}],"predecessor-version":[{"id":3937,"href":"https:\/\/sps.gov.ba\/index.php?rest_route=\/wp\/v2\/pages\/2254\/revisions\/3937"}],"wp:attachment":[{"href":"https:\/\/sps.gov.ba\/index.php?rest_route=%2Fwp%2Fv2%2Fmedia&parent=2254"}],"curies":[{"name":"wp","href":"https:\/\/api.w.org\/{rel}","templated":true}]}}