{"id":2311,"date":"2016-08-17T09:21:39","date_gmt":"2016-08-17T09:21:39","guid":{"rendered":"http:\/\/sps.gov.ba\/?page_id=2311"},"modified":"2025-06-20T12:29:54","modified_gmt":"2025-06-20T12:29:54","slug":"strateski-dokumenti","status":"publish","type":"page","link":"https:\/\/sps.gov.ba?page_id=2311","title":{"rendered":"Strate\u0161ki dokumenti"},"content":{"rendered":"\n<p><strong>Izvje\u0161taj o izvr\u0161enju bud\u017eeta<\/strong><\/p>\n\n\n\n<p><a href=\"\/dokumenti\/strateski\/Godisnji finansijski izvjestaj za 2019. godinu.pdf\" target=\"_blank\" rel=\"noopener noreferrer\">Izvje\u0161taj o izvr\u0161enju bud\u017eeta Slu\u017ebe za poslove sa strancima za 2019. godinu<\/a><\/p>\n\n\n\n<hr class=\"wp-block-separator has-alpha-channel-opacity\"\/>\n\n\n\n<p class=\"has-text-align-left\"><strong>Godi\u0161nji programi rada Slu\u017ebe i akcioni planovi<\/strong><\/p>\n\n\n\n<p class=\"has-text-align-left\"><a href=\"\/dokumenti\/strateski\/PR 2016.pdf\"><i class=\"fa fa-file-pdf-o\"><\/i> Program rada SPS za 2016. godinu sa Akcionim planom<\/a><\/p>\n\n\n\n<p><a href=\"\/dokumenti\/strateski\/PR17.pdf\"><i class=\"fa fa-file-pdf-o\"><\/i> Program rada SPS za 2017. godinu sa Akcionim planom<\/a><\/p>\n\n\n\n<p><a href=\"\/dokumenti\/strateski\/PR18.pdf\"><i class=\"fa fa-file-pdf-o\"><\/i> Program rada SPS za 2018. godinu sa Akcionim planom<\/a><\/p>\n\n\n\n<p><a href=\"\/dokumenti\/strateski\/PR19.pdf\"><i class=\"fa fa-file-pdf-o\"><\/i> Program rada SPS za 2019. godinu sa Akcionim planom<\/a><\/p>\n\n\n\n<p><a href=\"\/dokumenti\/strateski\/PR20.pdf\"><i class=\"fa fa-file-pdf-o\"><\/i> Program rada SPS za 2020. godinu sa Akcionim planom<\/a><\/p>\n\n\n\n<p><a href=\"\/dokumenti\/strateski\/PR21.pdf\"><i class=\"fa fa-file-pdf-o\"><\/i> Program rada SPS za 2021. godinu sa Akcionim planom<\/a><\/p>\n\n\n\n<p><a href=\"\/dokumenti\/strateski\/PR22.pdf\"> Program rada SPS za 2022. godinu sa Akcionim planom<\/a><\/p>\n\n\n\n<p><a href=\"\/dokumenti\/strateski\/PR23.pdf\">Program rada SPS za 2023. godinu sa Akcionim planom<\/a><\/p>\n\n\n\n<p><a href=\"\/dokumenti\/strateski\/PR24.pdf\"> Program rada SPS za 2024. godinu sa Akcionim planom<\/a><\/p>\n\n\n\n<p><a href=\"\/dokumenti\/strateski\/PR25.pdf\" target=\"_blank\" rel=\"noreferrer noopener\"> Program rada SPS za 2025. godinu sa Akcionim planom<\/a><\/p>\n\n\n\n<hr class=\"wp-block-separator has-alpha-channel-opacity\"\/>\n\n\n\n<p class=\"has-text-align-left\"><strong>Srednjoro\u010dni planovi rada Slu\u017ebe i akcioni planovi<\/strong><\/p>\n\n\n\n<p class=\"has-text-align-left\"><a href=\"\/dokumenti\/strateski\/SP 2016-2018.pdf\"><i class=\"fa fa-file-pdf-o\"><\/i> Srednjoro\u010dni plan rada SPS za 2016 - 2018 sa akcionim planom<\/a><\/p>\n\n\n\n<p><a href=\"\/dokumenti\/strateski\/SP1719.pdf\"><i class=\"fa fa-file-pdf-o\"><\/i> Srednjoro\u010dni plan rada SPS za 2017 - 2019 sa akcionim planom<\/a><\/p>\n\n\n\n<p><a href=\"\/dokumenti\/strateski\/SP1820.pdf\"><i class=\"fa fa-file-pdf-o\"><\/i> Srednjoro\u010dni plan rada SPS za 2018 - 2020 sa akcionim planom<\/a><\/p>\n\n\n\n<p><a href=\"\/dokumenti\/strateski\/SP1921.pdf\"><i class=\"fa fa-file-pdf-o\"><\/i> Srednjoro\u010dni plan rada SPS za 2019 - 2021 sa akcionim planom<\/a><\/p>\n\n\n\n<p><a href=\"\/dokumenti\/strateski\/SP2022.pdf\"><i class=\"fa fa-file-pdf-o\"><\/i> Srednjoro\u010dni plan rada SPS za 2020 - 2022 sa akcionim planom<\/a><\/p>\n\n\n\n<p><a href=\"\/dokumenti\/strateski\/SP2123.pdf\"><i class=\"fa fa-file-pdf-o\"><\/i> Srednjoro\u010dni plan rada SPS za 2021 - 2023 sa akcionim planom<\/a><\/p>\n\n\n\n<p><a href=\"\/dokumenti\/strateski\/SP2224.pdf\">Srednjoro\u010dni plan rada SPS za 2022 - 2024 sa akcionim planom<\/a><\/p>\n\n\n\n<hr class=\"wp-block-separator has-alpha-channel-opacity\"\/>\n\n\n\n<p class=\"has-text-align-left\"><strong>Strategije u oblasti migracija i azila<\/strong><\/p>\n\n\n\n<p class=\"has-text-align-left\"><a href=\"\/dokumenti\/strateski\/strategija21-25.pdf\" data-wplink-edit=\"true\">Strategija u oblasti migracija i azila 2021 - 2025<\/a><\/p>\n\n\n\n<p class=\"has-text-align-left\"><a href=\"\/dokumenti\/strateski\/Strategija u oblasti migracija i azila 2014-2020.pdf\">Strategija u oblasti migracija i azila 2016 - 2020<\/a><\/p>\n\n\n\n<p class=\"has-text-align-left\"><a href=\"\/dokumenti\/strateski\/Strategija u oblasti migracija i azila 2008-2011.pdf\"><i class=\"fa fa-file-pdf-o\"><\/i> Strategija u oblasti migracija i azila 2008 - 2011<\/a><\/p>\n\n\n\n<hr class=\"wp-block-separator has-alpha-channel-opacity\"\/>\n\n\n\n<p class=\"has-text-align-left\"><strong>Migracioni profil Bosne i Hercegovine<\/strong><\/p>\n\n\n\n<p class=\"has-text-align-left\"><a href=\"\/dokumenti\/strateski\/Migracioni profil BiH za 2017.pdf\" target=\"_blank\" rel=\"noopener noreferrer\"><i class=\"fa fa-file-pdf-o\"><\/i> Migracioni profil BiH za 2017<\/a><\/p>\n\n\n\n<p class=\"has-text-align-left\"><a href=\"\/dokumenti\/strateski\/Migracioni profil BiH za 2016.pdf\" target=\"_blank\" rel=\"noopener noreferrer\"><i class=\"fa fa-file-pdf-o\"><\/i> Migracioni profil BiH za 2016<\/a><\/p>\n\n\n\n<p class=\"has-text-align-left\"><a href=\"\/dokumenti\/strateski\/Migracioni profil BiH za 2015.pdf\" target=\"_blank\" rel=\"noopener noreferrer\"><i class=\"fa fa-file-pdf-o\"><\/i> Migracioni profil BiH za 2015<\/a><\/p>\n\n\n\n<p class=\"has-text-align-left\"><a href=\"\/dokumenti\/strateski\/Migracioni profil BiH za 2014.pdf\" target=\"_blank\" rel=\"noopener noreferrer\"><i class=\"fa fa-file-pdf-o\"><\/i> Migracioni profil BiH za 2014<\/a><\/p>\n\n\n\n<p class=\"has-text-align-left\"><a href=\"\/dokumenti\/strateski\/Migracioni profil BiH za 2013.pdf\" target=\"_blank\" rel=\"noopener noreferrer\"><i class=\"fa fa-file-pdf-o\"><\/i> Migracioni profil BiH za 2013<\/a><\/p>\n\n\n\n<p class=\"has-text-align-left\"><a href=\"\/dokumenti\/strateski\/Migracioni profil BiH za 2012.pdf\" target=\"_blank\" rel=\"noopener noreferrer\"><i class=\"fa fa-file-pdf-o\"><\/i> Migracioni profil BiH za 2012<\/a><\/p>\n\n\n\n<p class=\"has-text-align-left\"><a href=\"\/dokumenti\/strateski\/Migracioni profil BiH za 2011.pdf\" target=\"_blank\" rel=\"noopener noreferrer\"><i class=\"fa fa-file-pdf-o\"><\/i> Migracioni profil BiH za 2011<\/a><\/p>\n\n\n\n<p class=\"has-text-align-left\"><a href=\"\/dokumenti\/strateski\/Migracioni profil BiH za 2010.pdf\" target=\"_blank\" rel=\"noopener noreferrer\"><i class=\"fa fa-file-pdf-o\"><\/i> Migracioni profil BiH za 2010<\/a><\/p>\n\n\n\n<p class=\"has-text-align-left\"><a href=\"\/dokumenti\/strateski\/Migracioni profil BiH za 2009.pdf\" target=\"_blank\" rel=\"noopener noreferrer\"><i class=\"fa fa-file-pdf-o\"><\/i> Migracioni profil BiH za 2009<\/a><\/p>\n\n\n\n<p class=\"has-text-align-left\"><a href=\"\/dokumenti\/strateski\/Migracioni profil BiH za 2008.pdf\" target=\"_blank\" rel=\"noopener noreferrer\"><i class=\"fa fa-file-pdf-o\"><\/i> Migracioni profil BiH za 2008<\/a><\/p>\n\n\n\n<hr class=\"wp-block-separator has-alpha-channel-opacity\"\/>\n","protected":false},"excerpt":{"rendered":"<p>Izvje\u0161taj o izvr\u0161enju bud\u017eeta Izvje\u0161taj o izvr\u0161enju bud\u017eeta Slu\u017ebe za poslove sa strancima za 2019. godinu Godi\u0161nji programi rada Slu\u017ebe i akcioni planovi Program rada SPS za 2016. godinu sa Akcionim planom Program rada SPS za 2017. godinu sa Akcionim planom Program rada SPS za 2018. godinu sa Akcionim planom Program rada SPS za 2019. godinu sa Akcionim planom Program&nbsp;<a href=\"https:\/\/sps.gov.ba?page_id=2311\" class=\"read-more\">Continue Reading<\/a><\/p>\n","protected":false},"author":2,"featured_media":0,"parent":0,"menu_order":0,"comment_status":"closed","ping_status":"closed","template":"","meta":{"iawp_total_views":77,"footnotes":""},"class_list":["post-2311","page","type-page","status-publish","hentry"],"_links":{"self":[{"href":"https:\/\/sps.gov.ba\/index.php?rest_route=\/wp\/v2\/pages\/2311","targetHints":{"allow":["GET"]}}],"collection":[{"href":"https:\/\/sps.gov.ba\/index.php?rest_route=\/wp\/v2\/pages"}],"about":[{"href":"https:\/\/sps.gov.ba\/index.php?rest_route=\/wp\/v2\/types\/page"}],"author":[{"embeddable":true,"href":"https:\/\/sps.gov.ba\/index.php?rest_route=\/wp\/v2\/users\/2"}],"replies":[{"embeddable":true,"href":"https:\/\/sps.gov.ba\/index.php?rest_route=%2Fwp%2Fv2%2Fcomments&post=2311"}],"version-history":[{"count":18,"href":"https:\/\/sps.gov.ba\/index.php?rest_route=\/wp\/v2\/pages\/2311\/revisions"}],"predecessor-version":[{"id":9173,"href":"https:\/\/sps.gov.ba\/index.php?rest_route=\/wp\/v2\/pages\/2311\/revisions\/9173"}],"wp:attachment":[{"href":"https:\/\/sps.gov.ba\/index.php?rest_route=%2Fwp%2Fv2%2Fmedia&parent=2311"}],"curies":[{"name":"wp","href":"https:\/\/api.w.org\/{rel}","templated":true}]}}